{"id":95,"date":"2022-08-12T16:16:54","date_gmt":"2022-08-12T19:16:54","guid":{"rendered":"https:\/\/www3.astro.puc.cl\/ObsUC\/?page_id=95"},"modified":"2022-08-29T03:57:06","modified_gmt":"2022-08-29T06:57:06","slug":"alumnos","status":"publish","type":"page","link":"https:\/\/www3.astro.puc.cl\/ObsUC\/index.php\/alumnos\/","title":{"rendered":"Alumnos"},"content":{"rendered":"\n<p>Mucha informaci\u00f3n necesaria para los alumnos se encuentra ac\u00e1<\/p>\n\n\n\n<h2 class=\"wp-block-heading\">Gu\u00edas de Trabajo<\/h2>\n\n\n\n<p>Para la gu\u00eda A: <a href=\"https:\/\/cloudia.astro.puc.cl\/nextcloud\/index.php\/s\/7WmJZw3BEmraEoD\" data-type=\"URL\" data-id=\"https:\/\/cloudia.astro.puc.cl\/nextcloud\/index.php\/s\/7WmJZw3BEmraEoD\" target=\"_blank\" rel=\"noreferrer noopener\">Descargar ac\u00e1<\/a><\/p>\n\n\n\n<p>Para la gu\u00eda B: <a href=\"https:\/\/cloudia.astro.puc.cl\/nextcloud\/index.php\/s\/5rHcjN3zfK5SPxA\" data-type=\"URL\" data-id=\"https:\/\/cloudia.astro.puc.cl\/nextcloud\/index.php\/s\/5rHcjN3zfK5SPxA\" target=\"_blank\" rel=\"noreferrer noopener\">Descargar ac\u00e1<\/a><\/p>\n\n\n\n<h2 class=\"wp-block-heading\">Calendario Inscripciones<\/h2>\n\n\n\n<p>Link de las fechas disponibles para inscripciones: <a href=\"https:\/\/docs.google.com\/spreadsheets\/d\/e\/2PACX-1vSpTfmYkoCf03H7o1_Zqc0Vhj6Rgig3mpwE1XYkroqrWjbHxTGgmyGp6JjzqnYiIvsRKllvfx9hxoBR\/pubhtml\" data-type=\"URL\" data-id=\"https:\/\/docs.google.com\/spreadsheets\/d\/e\/2PACX-1vSpTfmYkoCf03H7o1_Zqc0Vhj6Rgig3mpwE1XYkroqrWjbHxTGgmyGp6JjzqnYiIvsRKllvfx9hxoBR\/pubhtml\" target=\"_blank\" rel=\"noreferrer noopener\">Ac\u00e1<\/a><\/p>\n\n\n\n<h2 class=\"wp-block-heading\">Seguro Mineduc<\/h2>\n\n\n\n<p>La informaci\u00f3n del seguro que exige el Mineduc est\u00e1 <a href=\"https:\/\/cloudia.astro.puc.cl\/nextcloud\/index.php\/s\/pe4GRXZJgK3HZBf\" data-type=\"URL\" data-id=\"https:\/\/cloudia.astro.puc.cl\/nextcloud\/index.php\/s\/pe4GRXZJgK3HZBf\" target=\"_blank\" rel=\"noreferrer noopener\">ac\u00e1<\/a>.<\/p>\n","protected":false},"excerpt":{"rendered":"<p>Mucha informaci\u00f3n necesaria para los alumnos se encuentra ac\u00e1 Gu\u00edas de Trabajo Para la gu\u00eda A: Descargar ac\u00e1 Para la gu\u00eda B: Descargar ac\u00e1 Calendario Inscripciones Link de las fechas disponibles para inscripciones: Ac\u00e1 Seguro Mineduc La informaci\u00f3n del seguro que exige el Mineduc est\u00e1 ac\u00e1.<\/p>\n","protected":false},"author":3,"featured_media":0,"parent":0,"menu_order":0,"comment_status":"closed","ping_status":"closed","template":"","meta":{"footnotes":""},"class_list":["post-95","page","type-page","status-publish","hentry"],"_links":{"self":[{"href":"https:\/\/www3.astro.puc.cl\/ObsUC\/index.php\/wp-json\/wp\/v2\/pages\/95","targetHints":{"allow":["GET"]}}],"collection":[{"href":"https:\/\/www3.astro.puc.cl\/ObsUC\/index.php\/wp-json\/wp\/v2\/pages"}],"about":[{"href":"https:\/\/www3.astro.puc.cl\/ObsUC\/index.php\/wp-json\/wp\/v2\/types\/page"}],"author":[{"embeddable":true,"href":"https:\/\/www3.astro.puc.cl\/ObsUC\/index.php\/wp-json\/wp\/v2\/users\/3"}],"replies":[{"embeddable":true,"href":"https:\/\/www3.astro.puc.cl\/ObsUC\/index.php\/wp-json\/wp\/v2\/comments?post=95"}],"version-history":[{"count":9,"href":"https:\/\/www3.astro.puc.cl\/ObsUC\/index.php\/wp-json\/wp\/v2\/pages\/95\/revisions"}],"predecessor-version":[{"id":111,"href":"https:\/\/www3.astro.puc.cl\/ObsUC\/index.php\/wp-json\/wp\/v2\/pages\/95\/revisions\/111"}],"wp:attachment":[{"href":"https:\/\/www3.astro.puc.cl\/ObsUC\/index.php\/wp-json\/wp\/v2\/media?parent=95"}],"curies":[{"name":"wp","href":"https:\/\/api.w.org\/{rel}","templated":true}]}}